145005?
False
Is 59718 a multiple of 269?
True
Is 22 a factor of 86119?
False
Does 18 divide 2588453?
False
Is 11 a factor of 24659?
False
Is 4447179 a multiple of 119?
False
Does 128 divide 5114880?
True
Does 305 divide 1486265?
True
Is 112 a factor of 152880?
True
Is 389 a factor of 49792?
True
Is 1811160 a multiple of 12?
True
Is 1061811 a multiple of 11?
False
Is 3740511 a multiple of 19?
True
Is 228 a factor of 6153001?
False
Is 903 a factor of 596883?
True
Does 374 divide 2495516?
False
Is 5256468 a multiple of 574?
False
Is 53116 a multiple of 7?
True
Does 62 divide 759500?
True
Is 1605784 a multiple of 21?
False
Is 494151 a multiple of 276?
False
Is 636004 a multiple of 5?
False
Does 4 divide 294476?
True
Is 756976 a multiple of 748?
True
Is 19 a factor of 2274224?
True
Does 667 divide 6175578?
False
Does 29 divide 1700566?
False
Does 22 divide 184096?
True
Is 5673408 a multiple of 52?
True
Is 230 a factor of 4631524?
False
Is 223 a factor of 468077?
True
Is 586 a factor of 486730?
False
Is 94522 a multiple of 6?
False
Is 345293 a multiple of 3?
False
Is 36 a factor of 1190696?
False
Is 271 a factor of 15659991?
False
Does 255 divide 718527?
False
Is 12810440 a multiple of 42?
False
Is 15 a factor of 177927?
False
Is 66 a factor of 499950?
True
Is 106 a factor of 188598?
False
Is 7765734 a multiple of 58?
False
Is 2961049 a multiple of 169?
True
Is 1417471 a multiple of 60?
False
Does 211 divide 935433?
False
Is 5 a factor of 579298?
False
Is 57378 a multiple of 9?
False
Is 29972 a multiple of 45?
False
Is 789168 a multiple of 26?
False
Does 15 divide 895050?
True
Does 24 divide 99840?
True
Is 6 a factor of 3718986?
True
Is 225 a factor of 38700?
True
Is 58027 a multiple of 8?
False
Does 31 divide 5268512?
True
Is 160 a factor of 7491189?
False
Is 128822 a multiple of 74?
False
Is 194 a factor of 4532313?
False
Is 11 a factor of 250571?
False
Does 8 divide 3984354?
False
Does 28 divide 3179260?
True
Is 68 a factor of 9698568?
True
Is 167 a factor of 522376?
True
Is 109560 a multiple of 264?
True
Is 104720 a multiple of 44?
True
Is 516555 a multiple of 39?
True
Does 5 divide 169991?
False
Is 10076726 a multiple of 418?
True
Does 24 divide 3892440?
True
Does 615 divide 2585883?
False
Is 11 a factor of 23544?
False
Is 351 a factor of 4460832?
False
Does 156 divide 214779?
False
Does 18 divide 159858?
True
Does 11 divide 148225?
True
Is 193 a factor of 1327068?
True
Does 242 divide 145526?
False
Is 62 a factor of 45384?
True
Does 64 divide 118673?
False
Is 237773 a multiple of 172?
False
Does 10 divide 1891730?
True
Is 1761189 a multiple of 11?
False
Does 3 divide 1070196?
True
Does 274 divide 453927?
False
Is 77919 a multiple of 57?
True
Is 2879190 a multiple of 9?
True
Is 22809 a multiple of 21?
False
Is 726204 a multiple of 438?
True
Is 139705 a multiple of 10?
False
Does 12 divide 121624?
False
Does 24 divide 471360?
True
Is 24 a factor of 243238?
False
Does 239 divide 118544?
True
Is 718 a factor of 2706179?
False
Is 2302157 a multiple of 143?
True
Does 5 divide 2334?
False
Does 202 divide 612132?
False
Is 435385 a multiple of 14?
False
Is 2591 a multiple of 6?
False
Is 525385 a multiple of 119?
True
Does 53 divide 116912?
False
Does 30 divide 162330?
True
Does 13 divide 2497367?
False
Is 571520 a multiple of 80?
True
Is 25491 a multiple of 69?
False
Does 9 divide 1447668?
True
Is 121392 a multiple of 54?
True
Does 27 divide 226881?
True
Is 62 a factor of 54188?
True
Is 366588 a multiple of 599?
True
Is 188012 a multiple of 17?
False
Is 20519 a multiple of 2?
False
Is 220 a factor of 3144975?
False
Is 13917261 a multiple of 937?
True
Is 2066022 a multiple of 11?
False
Is 173 a factor of 1489876?
True
Is 29097 a multiple of 110?
False
Does 64 divide 2074597?
False
Does 54 divide 165132?
True
Is 7884752 a multiple of 232?
True
Is 63240 a multiple of 124?
True
Does 6 divide 174?
True
Is 6927265 a multiple of 515?
True
Is 64 a factor of 10582003?
False
Is 11 a factor of 962827?
False
Is 74 a factor of 60873?
False
Does 296 divide 5347486?
False
Is 2 a factor of 1239?
False
Does 85 divide 102431?
False
Is 389 a factor of 2499594?
False
Does 16 divide 4581920?
True
Is 6108959 a multiple of 21?
False
Is 81477 a multiple of 11?
True
Is 104 a factor of 475696?
True
Is 5226489 a multiple of 14?
False
Is 326 a factor of 896174?
True
Does 131 divide 115542?
True
Is 2331945 a multiple of 495?
True
Is 782986 even?
True
Is 2827965 a multiple of 33?
False
Does 175 divide 2202200?
True
Is 12 a factor of 56604?
True
Is 281534 a multiple of 8?
False
Does 9 divide 1463701?
False
Is 4545000 a multiple of 25?
True
Does 8 divide 630248?
True
Is 29 a factor of 288753?
True
Does 276 divide 527712?
True
Is 67 a factor of 333727?
True
Is 196 a factor of 77359?
False
Is 526 a factor of 920733?
False
Is 1353081 a multiple of 43?
True
Is 86 a factor of 1662036?
True
Is 172 a factor of 5356732?
False
Is 3 a factor of 9621?
True
Does 136 divide 3104224?
False
Is 1081643 a multiple of 19?
False
Is 281 a factor of 907522?
False
Is 14 a factor of 764?
False
Is 78600 a multiple of 27?
False
Is 616122 a multiple of 234?
True
Is 2190110 a multiple of 10?
True
Is 132 a factor of 186516?
True
Is 27 a factor of 40108?
False
Is 2713312 a multiple of 14?
True
Is 102 a factor of 367904?
False
Does 18 divide 23562?
True
Is 11663500 a multiple of 5?
True
Is 94412 a multiple of 171?
False
Is 129151 a multiple of 292?
False
Does 9 divide 245220?
False
Is 184 a factor of 215464?
True
Is 16 a factor of 2489456?
True
Is 1140538 a multiple of 928?
False
Does 42 divide 1307082?
True
Does 655 divide 886215?
True
Is 13 a factor of 9409?
False
Does 13 divide 2724067?
False
Does 958 divide 1618254?
False
Is 18 a factor of 5615760?
False
Is 68059 a multiple of 2?
False
Does 72 divide 370584?
True
Is 373 a factor of 20061?
False
Is 24 a factor of 1949960?
False
Is 80640 a multiple of 14?
True
Does 907 divide 15545980?
True
Is 1606 a factor of 40390900?
True
Is 48 a factor of 376416?
True
Is 589868 a multiple of 60?
False
Is 519 a factor of 4138881?
False
Does 187 divide 18887?
True
Is 1718784 a multiple of 96?
True
Is 39733 a multiple of 6?
False
Is 105 a factor of 247600?
False
Is 392172 a multiple of 33?
True
Is 4893209 a multiple of 347?
False
Does 7 divide 344956?
False
Does 3 divide 418709?
False
Is 78 a factor of 813540?
True
Does 24 divide 377664?
True
Does 7 divide 5067?
False
Is 184097 a multiple of 18?
False
Does 458 divide 4757246?
True
Does 52 divide 956176?
True
Does 46 divide 62908?
False
Does 34 divide 4584016?
True
Does 7 divide 3957166?
False
Is 189 a factor of 7938?
True
Is 4538352 a multiple of 182?
True
Is 12 a factor of 433236?
True
Is 415296 a multiple of 16?
True
Is 22 a factor of 513216?
True
Does 114 divide 248178?
True
Is 3475544 a multiple of 772?
True
Is 194166 a multiple of 42?
True
Is 155004 a multiple of 12?
True
Is 329800 a multiple of 136?
True
Is 37 a factor of 245865?
True
Does 22 divide 648420?
False
Does 48 divide 4529040?
True
Is 684 a factor of 4425584?
False
Does 11 divide 70552?
False
Is 474395 a multiple of 79?
True
Is 17539610 a multiple of 1400?
False
Is 66 a factor of 10676622?
True
Is 937124 a multiple of 37?
False
Is 28 a factor of 396699?
False
Does 76 divide 4269528?
True
Is 138 a factor of 4954476?
True
Does 3 divide 293435?
False
Does 8 divide 840708?
False
Is 134274 a multiple of 6?
True
Does 25 divide 7458400?
True
Is 30 a factor of 123326?
False
Does 953 divide 12721661?
False
Is 16 a factor of 699232?
True
Is 15 a factor of 3085014?
False
Is 77034 a multiple of 3?
True
Does 9 divide 1167147?
True
Is 7 a factor of 10240831?
False
Is 16 a factor of 7155856?
True
Is 325163 a multiple of 9?
False
Is 404779 a multiple of 20?
False
Does 15 divide 135240?
True
Is 9853404 a multiple of 132?
True
Is 146 a factor of 696712?
True
Is 26 a factor of 50024?
True
Does 23 divide 22169447?
True
Is 251280 a multiple of 10?
True
Is 718617 a multiple of 4?
False
Does 370 divide 2071144?
False
Is 22 a factor of 28974?
True
Is 1184141 a multiple of 139?
True
Is 7696391 a multiple of 44?
False
Is 600665 a multiple of 24?
False
Is 182022 a multiple of 23?
True
Is 2842903 a multiple of 3?
False
Does 3 divide 15643?
False
Does 388 divide 1249748?
True
Is 2082